 Calculate the remainder when d is divided by 8.
5
Let m(a) = -48*a**3 - a**2 + 10*a + 10. What is the remainder when 281 is divided by m(-1)?
46
Suppose -4*m + 9*k + 65 = 4*k, 2*k = -2*m + 46. What is the remainder when 72 is divided by m?
12
Suppose 5*p = 2*o - 4*o - 5, -3*p - 14 = -o. What is the remainder when 231 is divided by 1/((-1176)/236 + o)?
54
Suppose -27 + 23 = -2*i. Suppose 39 + 23 = i*s. What is the remainder when 90 is divided by s?
28
Let t be (12/8)/((-3)/40). Suppose -15 = 3*o, 0 = -5*f - 5*o - 23 - 7. What is the remainder when 36 is divided by (-2)/(1 - f) - t?
17
Let u = -134 - -165. Calculate the remainder when 118 is divided by u.
25
Let q(o) = -o + 98. Calculate the remainder when q(-9) is divided by 9.
8
Suppose -4 = -2*h, 5*q - 65 = -4*h - 17. Calculate the remainder when q is divided by 5.
3
Let b = -273 - -470. What is the remainder when b is divided by 33?
32
Let f = 544 + -481. Calculate the remainder when f is divided by 12.
3
Suppose 2*c + 0*c - 28 = -4*x, -x = 4*c - 70. What is the remainder when 41 is divided by c?
5
Let v(o) be the third derivative of 11*o**4/24 + o**2. Suppose 8*c - 12*c + z + 89 = 0, 3*c + 4*z - 43 = 0. What is the remainder when c is divided by v(1)?
10
Let w(p) = -4*p**2 + 19*p + 1. What is the remainder when 111 is divided by w(2)?
19
Let d(n) = -67*n**3 + n**2 + 3*n + 2. What is the remainder when 130 is divided by d(-1)?
63
Suppose -4*p + 10*p - 36 = 0. What is the remainder when 79 is divided by p*1*((-110)/(-15) - 4)?
19
Suppose 4*j = 2*m + 4, 0 = -2*m - j + 8 + 8. Let u(a) = a**3 + 2*a**2 - a - 3. What is the remainder when u(3) is divided by m?
3
Let q = -177 + 185. Suppose r - 1 = -0*r. What is the remainder when (r/2)/(1/30) is divided by q?
7
Calculate the remainder when (168/(-70))/((-6)/80) is divided by -1*(-19 + (-1)/(-1)).
14
Let u = 132 + -99. What is the remainder when 69 is divided by 110/u*18/10?
3
Calculate the remainder when 8 - 13/(104/(-720)) is divided by 38.
22
Suppose 5*u = -x - x + 45, 3*u + x = 28. Let z(s) = 4*s. Let q be z(-1). Let j = q - -7. Calculate the remainder when u is divided by j.
2
Suppose -301*g = -311*g + 570. What is the remainder when 223 is divided by g?
52
Suppose 4*s - 4*j - 199 = -39, -4*j = s - 20. Let v = s - 29. What is the remainder when v is divided by 6?
1
Let m(c) = 2*c**2 - 11*c - 12. What is the remainder when 49 is divided by m(8)?
21
Let v = -1520 + 1731. What is the remainder when v is divided by 32?
19
Suppose 4*d - 2*f - 180 = 2*d, -2*f = 5*d - 471. Let j = d + -57. What is the remainder when 143 is divided by j?
35
Let q = -83 - -207. Let d = 123 + -81. What is the remainder when q is divided by d?
40
Suppose 16*a - 837 = -11*a. Let h(n) = -4*n - 3. Calculate the remainder when a is divided by h(-3).
4
Let q(v) = -5*v**3 + 2*v + 1. Let u(k) = 10*k**3 + k**2 - 4*k - 2. Let b(x) = 5*q(x) + 3*u(x). What is the remainder when b(2) is divided by (-5 + 18)/(1 + 0)?
8
Let h = 7 + -1. Suppose 0 = 5*b + 2*j - 3*j - 30, 0 = b + 3*j + 10. Suppose r - 11 + 3 = -3*u, -b*u - 15 = 0. What is the remainder when r is divided by h?
5
Let x = -514 + 652. What is the remainder when x is divided by 12?
6
Suppose 0 = 3*j - 4*j + 5. Suppose 0 = -j*r + 2*r + 165. Suppose a - 14 = -p, 0 = a - 4*a - 4*p + 37. Calculate the remainder when r is divided by a.
17
Suppose -o + 2*t = 7*t - 17, 5*t - 26 = 2*o. What is the remainder when o/(5/(130/(-3))) is divided by 10?
6
Let r = -45 + 121. Suppose 58 = 3*t + 19. Calculate the remainder when r is divided by t.
11
Let m(o) = o + 259. Calculate the remainder when m(11) is divided by 40.
30
Let z = 13 + -4. Suppose 0 = -256*v + 300*v - 748. What is the remainder when v is divided by z?
8
Suppose -1399 = -6*q - 1315. What is the remainder when 28 is divided by q?
0
Suppose -p - 97 = -5*n, 5*n + 2*p + 3*p - 85 = 0. What is the remainder when (-64)/(-2) - (-2)/((-6)/(-9)) is divided by n?
16
Let l = -162 + 69. Let d = l - -116. What is the remainder when d is divided by 14?
9
Suppose 9*i - 52 = 5*i. Suppose -b = w - 39 - 8, -2*w - 3*b + 95 = 0. Calculate the remainder when w is divided by i.
7
Suppose -2*d - 385 = -5*l, d + 77 = l - 0*l. Let r(p) = -p**2 + 25*p - 94. What is the remainder when l is divided by r(19)?
17
Let d be ((-2)/(-2))/1 + 1. Suppose -9 + 0 = 3*x, d*z - 26 = -2*x. Calculate the remainder when (232/(-32))/((-1)/4) is divided by z.
13
Suppose 4*b - 2*y - 354 = 0, 0 = 3*b - 0*b + 2*y - 248. What is the remainder when 264 is divided by b?
6
Let x(v) = 22*v**2 + 2*v + 1. Let d be x(-3). Let s = d - 131. Calculate the remainder when s is divided by 16.
14
Suppose 3*q - 3 = 3. What is the remainder when (-100 + 9)/(119/(-34)) is divided by q?
0
Calculate the remainder when -47 + 358 + 3 + -13 is divided by 11.
4
Let i = -631 - -909. What is the remainder when i is divided by 15?
8
Suppose -23 = -3*v + 190. Suppose 4*l - v = 33. Calculate the remainder when 77 is divided by l.
25
Let t = 467 - 328. Let s = 11 - -36. Suppose -t + s = -r. Calculate the remainder when r is divided by 31.
30
Let y = 80 - 50. Suppose 3*b - y = -g, -2*b + g = -19 - 6. Calculate the remainder when 28 is divided by b.
6
Suppose 3*z + 0*x = -4*x + 269, 4*z - 364 = -4*x. Suppose 0 = 138*b - 40*b - 4704. What is the remainder when z is divided by b?
47
What is the remainder when ((-2)/(-3)*-23)/((-38)/57) is divided by (-2)/(-8) + (-141)/(-12)?
11
Let x = -422 - -438. Calculate the remainder when 139 is divided by x.
11
Let w = 58 + 0. Suppose -2*g = 2*i - 3*i - w, 3*g + 2*i = 87. Calculate the remainder when g is divided by 15.
14
Calculate the remainder when 50 is divided by ((-24)/(-28))/((-9)/(-231)).
6
Suppose 5*s + 15*d - 16*d = 584, -s = -3*d - 114. What is the remainder when s is divided by 54?
9
Let i be 1 + (-51)/(-15) - 14/35. What is the remainder when ((-90)/i)/((-1)/(-4)*-2) is divided by 13?
6
Let g(b) = -b**3 - b**2 - 3*b + 3. Let c be g(2). Let o = -1 - c. What is the remainder when 24 is divided by o?
10
Let c(t) = -65*t + 29. What is the remainder when c(-5) is divided by 71?
70
Let j(d) = -85*d + 3086. Let u(b) = -b**3 - 4*b**2 + 3. Calculate the remainder when u(-6) is divided by j(36).
23
Let i = 136 + -102. Calculate the remainder when i is divided by 16.
2
Let f = -19 - -1. Let t = -19 - f. What is the remainder when t*74*2/(-4) is divided by 13?
11
Let h be 18/36*24/2. Suppose 3*f + 4*j + 1 = 2*j, f = -5*j - 9. Let a = h + f. Calculate the remainder when 23 is divided by a.
2
Let s = -212 + 242. What is the remainder when s is divided by 8?
6
Suppose -58*f + 41604 + 22138 = 0. What is the remainder when f is divided by 44?
43
Suppose 5*a + r = 65, 4*a = 2*r + 72 - 20. What is the remainder when 246 is divided by a?
12
Suppose -26 + 11 = -5*k. Suppose 52 = k*w - 3*d + 4, 3*d = -6. Calculate the remainder when 55 is divided by w.
13
Suppose -15*a + 194 = 4*n - 21*a, 2*a + 88 = 2*n. Let i(k) = 4*k**2 + 3*k + 2. Calculate the remainder when n is divided by i(-2).
11
Suppose 6*n - 5*n - 57 = 0. Calculate the remainder when n is divided by 13.
5
Let z(t) = -17*t - 564. What is the remainder when 1053 is divided by z(-35)?
30
Let v = -60 - -95. Suppose -7*m + 82 + 44 = 0. What is the remainder when v is divided by m?
17
Let x be (-444)/(-14) + 12/42. Suppose 0*m + 2*m = 2*q - 24, -5*m = -3*q + x. What is the remainder when 39 is divided by q?
11
Let x(z) be the second derivative of 0 + 7/12*z**4 - 1/2*z**2 + 0*z**3 + z. What is the remainder when 16 is divided by x(-1)?
4
Suppose -36*g - 625 + 2641 = 0. What is the remainder when 181 is divided by g?
13
Suppose 60 = 4*c - 3*d - 11, -5*c + 4*d = -90. Calculate the remainder when 446 is divided by c.
12
Suppose -21 = o - 4*o. Suppose 11*n = o*n + 4. Let g = n - -14. What is the remainder when 42 is divided by g?
12
Calculate the remainder when 169 is divided by 82 - (-72)/(-8) - 4.
31
Let j be -2*30/2 - -2. Let g = 97 + -50. Let c = g + j. Calculate the remainder when 74 is divided by c.
17
Let w(f) = 4*f + 85. Let s be (-1)/1 - (23 - 8). Let y = s + 30. Calculate the remainder when w(-11) is divided by y.
13
Let a(u) = u**3 + 22*u**2 - 24*u - 26. Let r be a(-23). What is the remainder when 28 is divided by 9/4*(10 + (-5 - r))?
10
Suppose 7 = 3*k - 2. Let 